 = 5*z + 260, 4*u - 3*z + 182 = 0. What is the units digit of (0 + u)/a - -2?
4
Suppose -26*t = 2*t - 35336. What is the tens digit of t?
6
Suppose 39 = 5*w + 3*c + 2, 2*w - 3*c = -2. Suppose -w*b + 6 + 19 = 0. Suppose 3*n - 39 = -3*a, -2*n + 30 = -a + b*a. What is the tens digit of n?
1
Let v(t) = 4*t - 15. Let s be v(-8). What is the units digit of (-1 + 0)/(1/s)?
7
Suppose -35*f = -12652 - 25323. What is the units digit of f?
5
Let y(o) = -o**2 + 2*o + 55. Let a be 5/(4 + -9)*0. What is the tens digit of y(a)?
5
Suppose 5*g = -3*g + 16. Suppose -2*n + 85 = s - 4*n, g*s - 154 = -4*n. What is the units digit of s?
1
Suppose 8*o - 2859 - 9021 = 0. What is the thousands digit of o?
1
Let t(k) = -k**2 - 86*k - 67. What is the units digit of t(-31)?
8
Let w(t) = -t**2 + 10*t + 4. What is the units digit of w(6)?
8
Let z(s) = -3*s**3. Let q(a) = -a**2 + 14*a - 16. Let i be q(13). Let r be z(i). Suppose 0 = 5*n - 3*n - 5*k - r, 5*k + 53 = n. What is the units digit of n?
8
Let a(p) = 23 + 2 - 2 - 4*p. What is the units digit of a(-15)?
3
Let r(d) = 3*d**3 + 5*d**2 + 2*d - 4. Let f be r(-3). Let h = 136 + f. Let c = h - 47. What is the tens digit of c?
4
Suppose -487 = 18*w - 28081. What is the thousands digit of w?
1
Let x(r) = -9*r**3 - 2*r**2 + 3*r + 1. Let y be x(2). Let t = y + 128. What is the tens digit of t?
5
Suppose -3*i + 2*k - 6 = -2*k, 6 = -3*i + 3*k. What is the tens digit of i + 562/7 - 6/21?
7
Let o(r) = 5*r + 3. Suppose 2*i + 4 = -n, -2*i = -3*n - 0*i + 28. What is the tens digit of o(n)?
3
Suppose 1699 = 5*h - 1731. What is the hundreds digit of h?
6
Let r(g) = -51*g - 9. What is the tens digit of r(-15)?
5
Let x = 48 + -45. Suppose 200 = x*w + d, -3*d + 145 = 5*w - 187. What is the tens digit of w?
6
Let y(h) = -4*h + 1 - 6 + h**2 + 0*h**2 + 0*h**2. Let q be y(5). Suppose 2*o - 20 + 8 = q. What is the units digit of o?
6
Let u(z) = z**3 + 5*z**2 - 6*z + 3. Let i be u(-6). Suppose -2*r - r + 23 = -2*b, -r = i*b - 4. Suppose 5*a = r*a - 64. What is the units digit of a?
2
Let x be (0 + 0 - -1) + 4. Suppose 2*g = -d, x*g + 6*d = d + 10. What is the units digit of (-1)/((-4)/(-152)*g)?
9
Suppose 0 = t + 2*t - 4*v - 213, 6 = -2*v. Let c = t + -52. What is the units digit of c?
5
Suppose f = -5*j + 977, 5*j + 3*f = 1398 - 427. Suppose j = 3*q + 4*c, -4*c = 2*q - 3*c - 134. What is the units digit of q?
8
Let o = 515 + -307. What is the hundreds digit of o?
2
Suppose -v + 0*v - 5 = 2*z, 15 = -3*z. Suppose v + 59 = 4*p. What is the units digit of 24/p*8/2?
6
Let h(q) = 3*q**3 - 6*q**2 + q + 5. Let f(a) = -2*a**3 + 5*a**2 - 2*a - 6. Let i(g) = -4*f(g) - 3*h(g). What is the units digit of i(-6)?
3
Let j(o) be the third derivative of -o**6/120 - o**5/4 + o**4/24 - o**3/6 - 2*o**2. What is the hundreds digit of j(-16)?
2
Let r(v) = 2*v + 14. Let z be r(-6). Suppose o = -z*o + 210. What is the tens digit of o?
7
Let v be ((-36)/48)/((-3)/16). Suppose -r = r - v. Suppose 4*p = -4*q + 24, 3*p + r*q - q = 24. What is the units digit of p?
9
Let v(t) be the first derivative of t**4/4 - 4*t**3/3 - t**2/2 - 7*t + 2. What is the units digit of v(6)?
9
Suppose -716 = 5*y + 4*m - 1952, 247 = y + m. What is the hundreds digit of y?
2
Suppose -s + 2*s = -2*b + 1145, 0 = 2*s - 5*b - 2317. What is the units digit of s?
1
Let p = 1405 + -607. What is the tens digit of p?
9
Suppose -4*f + 25 = -23. Let a = -15 + f. What is the tens digit of 9/a*68/(-6)?
3
Let m be 1/(-3) - (-10)/3. Suppose 4*h = -s + 98, h - 5*h - 214 = -m*s. What is the tens digit of s?
7
Suppose 2*d + f - 149 = 0, -d = -0*d + 5*f - 79. Let m = 289 + -78. Suppose -4*w - 5*v = -m, v + d = -3*w + 224. What is the tens digit of w?
4
Suppose -4*p - 423 = 629. Let k = p + 376. Let q = k - 78. What is the tens digit of q?
3
Let s be ((-15)/10 - 0)/((-6)/64). Let u(l) = 2*l - 27. What is the units digit of u(s)?
5
Let l(o) be the first derivative of -3*o**2 - 6*o - 10. What is the units digit of l(-2)?
6
Let z(t) = 3*t**3 + 5*t**2 + 21*t - 4. What is the hundreds digit of z(6)?
9
Let a be (3/(-9))/((-2)/24). Suppose -l - a = t + l, 2*l + 2 = -2*t. Suppose 3*o + 2*h = 168, -o + 56 = t*h + h. What is the tens digit of o?
5
What is the hundreds digit of (-1220)/50*(-15)/(-4)*-10?
9
Let u be 22/(-187) + 699/17. Suppose u = 5*z - 24. What is the units digit of z?
3
Let x(z) = 73*z**2 + 2*z + 8. What is the tens digit of x(-4)?
6
Suppose -1612 = -5*m - d, 0 = 10*m - 14*m - 2*d + 1292. What is the tens digit of m?
2
Let z(v) = 52*v + 38. What is the hundreds digit of z(5)?
2
Let w(s) = 3*s**2 + 84*s - 29. What is the tens digit of w(-31)?
5
Let v = 20 + -15. Suppose 3*u + v = -n - 24, -2*u = -4*n + 24. Let j = u + 19. What is the units digit of j?
9
Suppose 5*n = 0, 0 = -2*u - 2*n - 38 - 32. Let h(w) = w**2 - w - 5. Let y be h(4). Let d = y - u. What is the tens digit of d?
4
Let q(k) = -15*k + 224. What is the units digit of q(-10)?
4
Suppose -4*i + 4428 = -4*n, -30 + 24 = 2*n. What is the units digit of i?
4
Suppose -5*b - 1 = -131. Suppose 5*g - 286 + b = 0. What is the units digit of g?
2
Suppose 5 = 5*f - 5. Suppose f*c = 8, -2*w - 3*w + 68 = -3*c. What is the units digit of w?
6
Let x(c) = -c**3 + 20*c**2 + 53*c - 11. What is the units digit of x(21)?
1
What is the units digit of 1 + (2053 - 4) + -2?
8
Let o(p) = -2*p**3 - 24*p**2 - 12*p + 6. Let m be o(-12). What is the tens digit of 2/7 + m/14 + 0?
1
Let x = -176 - -428. Let d = x - -27. What is the tens digit of d?
7
Let g(w) = 7*w**2 + 336*w + 111. What is the tens digit of g(-60)?
5
Let z = 1016 - -751. What is the thousands digit of z?
1
Let b = 200 + 649. What is the tens digit of b?
4
Let m(b) = -b**3 + 13*b**2 - 12*b + 4. Let c be m(12). Suppose 527 = c*d + o - 0*o, 2*d = 4*o + 286. What is the units digit of d?
3
Let h(p) = p**3 + 5*p**2 + 4*p - 1. Let l be h(-3). Let o be -2*2/4 - l. What is the units digit of o/(-1) - (-4 + 3)?
7
Let p be 11/3 - (21/(-9))/7. What is the tens digit of (-12)/p*(-160)/12?
4
Let v(g) = g**2 - 7*g + 9. Let z be v(6). Suppose -2*k - 3 = -5*w - 9, z*w = 0. Suppose s + k*s = 12. What is the units digit of s?
3
Suppose 2*i + 64 = 6*i. Let n = i - 24. What is the units digit of -2 + 2 + (0 - n)?
8
Suppose 0 = 15*a + a - 25456. What is the thousands digit of a?
1
Suppose -2*p = z + 3, -z = -0*z + 4*p + 11. Suppose -4*h + z*w + 184 = 0, 2*h + 3*h - 4*w - 221 = 0. Let t = h - 11. What is the tens digit of t?
3
Suppose -60*k + 69540 = k. What is the thousands digit of k?
1
Suppose 0 = 2*l + 3*l + 135. Let g = 103 + l. What is the tens digit of g?
7
Let o(z) = 2*z**2 - 9*z - 20. Let s be o(16). Suppose 47*g = 43*g + s. What is the tens digit of g?
8
Let v = -31 - -19. Let p be v/(-54) - 2/9. Suppose p = -l + 27 - 4. What is the tens digit of l?
2
Let k(t) = -24*t**3 - t**2 - t + 3. Let g be k(-2). Suppose 0 = 2*i - 2*r + 43 - g, 4*i + 4*r - 332 = 0. What is the units digit of i?
9
Suppose 5*o = 9*o - 16. Let t = 14 + o. What is the tens digit of t?
1
Suppose 0 = -2*t + 7*t. Suppose t*g + 30 = 5*g. What is the units digit of g?
6
Suppose -5*z + 261 = 2*m - 0*m, 0 = 5*m - z - 693. What is the tens digit of m/(-12)*-8 + 0?
9
Let w = 3 - 3. Suppose -3*x - x - 32 = w. Let p(i) = -2*i + 7. What is the units digit of p(x)?
3
Suppose -h + 150 = -155. Let t = -206 + h. What is the tens digit of t?
9
What is the units digit of 1/(-14) - (-42684)/168?
4
What is the tens digit of 6455/15 + -4 - (-4)/(-12)?
2
What is the hundreds digit of (-32)/(-6)*((-492)/(-24) - -20)?
2
Let r(v) = v + 7. Let f be (-19)/(-7) + (-6)/(-21). Suppose f*q + 5 = 2*q. What is the units digit of r(q)?
2
Let d(k) = -k**2 + 3*k + 6. What is the units digit of d(-1)?
2
Suppose 5*t = -2*l + 485, 17 = -l + 22. What is the tens digit of t?
9
What is the hundreds digit of (8/(-36) - 5/18)*-2406?
2
Let h(f) = -40*f + 19. Let m(x) = 40*x - 21. Let p(y) = -3*h(y) - 4*m(y). What is the tens digit of p(-7)?
0
Suppose 3*z - 9 = -21. What is the units digit of (40/32)/((-1)/z)?
5
Let q(o) = 2*o - 1. Let t be q(2). Let x be 3 + (-18)/((-9)/t). Suppose 0 = -2*y - 3 + x. What is the units digit of y?
3
Suppose -2543 = -2*w - 2*b + 165, 3*b + 6 = 0. What is the units digit of w?
6
Let x = 1035 - -1442. What is the tens digit of x?
7
Suppose -8*v - 67*v + 5025 = 0. W